units digit of v?
2
Let n(k) = -k**3 + 5*k**2 + 6*k + 1. Let w be n(6). Let q(u) = -2*u**2 - u + 1. Let b be q(w). What is the tens digit of (-4)/b + -1 - -13?
1
Let d(s) be the first derivative of s**2/2 - 5*s - 1. Let r be d(6). Let f = r + 3. What is the units digit of f?
4
Let j be 6/21 - 13/7*-2. Let w be 10/3 + 2/(-6). Suppose -i - w = -3*n + 18, j*n = 3*i + 23. What is the units digit of n?
8
Let q be 6*7/(63/12). Suppose 0 = 2*z + q, -4*f + 5*z = f - 40. What is the units digit of f?
4
Let h = 5 + -2. Let p be 11/(-3) - (-2)/h. What is the units digit of 2 - -3 - (1 + p)?
7
Let k(u) = 11*u - 32. Let m(r) = -4*r + 11. Let h(z) = -6*k(z) - 17*m(z). What is the units digit of h(4)?
3
Suppose 2*n - 5*z + 2*z + 23 = 0, 4*n = 5*z - 47. What is the tens digit of (-6)/(-3) - (0 + n)?
1
Let y be (-34)/(-3) - 8/(-12). Suppose 2*n + y = 6*n. Suppose 0*t = n*t - 57. What is the units digit of t?
9
Let u = -3 + 5. Let z be 19 - (u*-1 + 3). Suppose -g - z = -4*g. What is the units digit of g?
6
Suppose 4 = -y - 1. Let h = y + 7. What is the units digit of -2 - (-11)/(h/2)?
9
Suppose 2*y - 4*z + 14 = 0, -4*y + z + 10 = y. Suppose -5*m - 20 = 0, t - 8 = -2*m - y*m. Suppose 4*l - t = -0*l. What is the units digit of l?
7
Let i be 1*(-4 + -116 + 0). What is the tens digit of (i/(-36))/((-4)/(-54))?
4
Suppose 0 = c - 2*c + 5. Suppose -5*u + 45 = c*b, -2*b = -0*u - 5*u + 17. Suppose -5*l - 5 = -u*g, 5*l = -0*g - 2*g + 30. What is the units digit of g?
5
Let t(w) = 12*w**2 - w. Let z = -3 - -6. Suppose -20 = -4*b + 4*i, -b - 4*i + z*i = 3. What is the tens digit of t(b)?
1
Let o(l) = l**2 + 7*l. Let d(y) = y**2 + 8*y. Let z(c) = -4*d(c) + 3*o(c). What is the tens digit of z(-6)?
3
Suppose 0 = 4*j - 6*j + 18. What is the tens digit of 97/4 - j/(-12)?
2
Suppose 7*y - 176 = 5*y - 2*d, 2*d = y - 79. Suppose 0 = 4*i + 12, 2*l - 5*i = -0*l + y. What is the units digit of l?
5
Let a(w) = 19*w**2 - 1. Let l be a(-1). Suppose 3*z = z + l. What is the units digit of z?
9
Let k = 249 - 139. What is the units digit of k?
0
Suppose 6*k = -0*k + 24. What is the units digit of k?
4
Suppose -4*x = 5*c + 41, 32 = -2*x - 2*x + 4*c. Let a = 22 + x. What is the tens digit of a?
1
Suppose -3*w = -5*b - 5, 3*w - 7 = 2*b + 2*b. Suppose -w*g - 3*c = 57, 5*g - 5*c + 16 = g. What is the units digit of 6/g + (-70)/(-6)?
1
Let g(v) = -v - 3*v + 5*v + 6. Let o be g(0). Let m(i) = i**3 - 5*i**2 - 6*i + 7. What is the units digit of m(o)?
7
What is the hundreds digit of (-15560)/(-45) + (-14)/(-63)?
3
Suppose 0 = -0*b - 2*b - 8. What is the tens digit of 192/9 + b/(-6)?
2
Suppose 4*d + 10 = 2*l, 4*l - 14 = 5*d + 6. Suppose -c = -5 - d. What is the units digit of c?
5
Suppose 5*p + 42 = 17. Let m = p + 22. What is the tens digit of m?
1
Suppose -169 = -2*q - 55. What is the units digit of q?
7
Let i be (-1)/3 - 32/(-6). Let y(b) = 2*b - 8. Let f be y(8). Suppose i = f*n - 3*n. What is the units digit of n?
1
Suppose 0 = -5*p + 2*f + 2, -p + f + 4 - 6 = 0. Suppose r + 1 = -p*o, o - 4 = 2*r - 12. Suppose -5 = -2*s - r*s. What is the units digit of s?
1
Let q(d) = 4*d**2 - d + 4. Let s be q(-4). Suppose -f - 11 = 5*j - 45, 0 = -3*f - 5*j + s. What is the tens digit of f?
1
Let o(l) = -l + 1. Let s = -1 + 2. Let x be o(s). Suppose x = 4*d + 16, 3*v = 4*v - 5*d - 24. What is the units digit of v?
4
Let k = -58 - -215. What is the tens digit of k?
5
Let h = 21 - 16. What is the units digit of h?
5
Let w(j) = j**2 - 10*j + 11. Let m be w(9). Suppose 0 = 2*t - 5*i - 89, m*i = 3*t - 3*i - 121. What is the tens digit of t?
3
Suppose 5*p - 10 - 21 = 2*i, 4*i - 8 = 0. What is the units digit of 5*p/(35/18)?
8
Suppose -1 = 2*w - j, 2*w + 3*j - 5 = 6. What is the units digit of w?
1
Let m(i) be the second derivative of i**4/6 - 2*i**3 + i**2/2 - 3*i. What is the tens digit of m(8)?
3
Suppose 739 = 5*p - 3*u, -3*p - 2*u - u + 429 = 0. What is the tens digit of p?
4
Suppose o = 1 + 3. Suppose 2*b - 27 = -5*q, 3*b - 42 + 13 = o*q. What is the tens digit of b?
1
Suppose 381 = 4*g + k - 0*k, 81 = g + 5*k. What is the tens digit of g?
9
Suppose 290 = -2*o - 3*o. Let r = o - -110. Suppose 2*i = -4*p - 0*i + r, -5*p + 4*i = -39. What is the tens digit of p?
1
Let m(r) = 3 + r**2 + 4*r + r**2 - 3*r**2. Let y be m(-3). What is the units digit of (-3)/2*48/y?
4
Let f(x) = 6*x. Let z be f(-1). What is the units digit of 292/18 + z/27?
6
Suppose -2*j + 2*p + 16 = 0, 2 = 5*j + 2*p - 52. Let m = -5 + j. What is the units digit of m?
5
Let t(a) = -a**3 + 11*a**2 + 16*a - 11. What is the tens digit of t(12)?
3
Suppose 4*s - 2*q - 30 = 0, s + 5*q - 46 + 11 = 0. What is the units digit of (25/s)/((-1)/(-10))?
5
Let i be 33/9 - 2/(-6). Suppose -i - 8 = 3*g. Let s = 7 + g. What is the units digit of s?
3
Let f be (-2)/5 - 138/5. Let p = f + 77. What is the units digit of p?
9
Let v(z) = -z**3 + 12*z**2 + 19*z - 17. What is the tens digit of v(13)?
6
What is the tens digit of (-1 - 2)/(5/(-175) + 0)?
0
Let l = 7 + -4. Suppose 5*c - 7 = l. Suppose v - c = 2. What is the units digit of v?
4
Let j be ((-5)/(10/12))/1. Let q be (24/18)/(4/j). What is the units digit of (-3 + (q - 2))/(-1)?
7
Let f(g) be the second derivative of -g**3/3 - 7*g**2/2 - g. Let n = 6 - 12. What is the units digit of f(n)?
5
Let d(u) = u**3 + 16*u**2 + 29*u - 11. What is the hundreds digit of d(-12)?
2
Suppose -4*l + 113 = -271. What is the tens digit of l?
9
Let v = 2 + 0. Suppose v*o = -2*o - 16. What is the units digit of (o/10)/(4/(-40))?
4
Suppose -64 = 3*z + z. Let d(b) = -b**2 - 17*b - 2. What is the units digit of d(z)?
4
Let a(c) be the third derivative of c**7/5040 + c**6/180 + c**5/30 + c**2. Let s(o) be the third derivative of a(o). What is the units digit of s(0)?
4
Let g be (11 - 11)*2/(-4). Suppose 4*j - 35 - 33 = g. What is the tens digit of j?
1
Suppose 13*h - 2*h = 22. What is the units digit of h?
2
Let y(l) = -l**3 - 8*l**2 - 8*l - 3. Let d be y(-7). Suppose 0*a + 45 = d*a - 5*k, 3*a - 26 = -4*k. What is the tens digit of a?
1
What is the tens digit of 48*(2 - (-20)/16)?
5
Suppose 0*f - 3*f = -9. What is the units digit of 0 - (f - (0 - -4))?
1
Suppose 2*g + g - 25 = -4*l, -15 = -5*g. Suppose -l*m = 0, -2*s - 3*m + 8 = -m. What is the units digit of s?
4
Suppose -2*x = 3*g + 2*g + 17, 8 = 4*x - 4*g. Let r be (3 + x)*(-15)/(-6). Let k(t) = -t**3 + 7*t**2 - 8*t + 3. What is the units digit of k(r)?
3
Suppose 3*u - 7 = 8. Suppose -u*l + 0 = -4*o - 3, -4*o + 21 = 3*l. Suppose l - 1 = m. What is the units digit of m?
2
Suppose 4 = -z + 10. Let a be ((-9)/z)/(3/(-4)). Suppose -t + 5 = 3*j + t, a*t = -10. What is the units digit of j?
5
Let s = -23 + 52. What is the units digit of s?
9
What is the tens digit of 2*2*165/30?
2
Suppose 0 = -10*h - 10*h + 3180. What is the hundreds digit of h?
1
What is the units digit of 80 + (-1 - (-5 - -4))?
0
Suppose 0 = p + 3*p - 380. What is the units digit of p?
5
What is the tens digit of 4/(-2) - -66 - 3?
6
Let z(y) = -y**2 - 8*y - 2. Let u be z(-8). What is the tens digit of (4 + u)/((-6)/(-87))?
2
Suppose -5*n = j + 3*j - 63, 2*j = -3*n + 37. What is the units digit of n?
1
Let o(t) = 2*t - 9. Let r(a) = -4*a + 19. Let v(w) = 13*o(w) + 6*r(w). What is the units digit of v(5)?
7
Suppose 3*m + 3*g - 102 = 174, -m + 98 = 3*g. What is the units digit of m?
9
Suppose 4*w + 4*o + 36 = 0, -4*w + 0*w = -5*o + 9. Let m be ((-10)/3)/(2/w). Let y = m + -4. What is the units digit of y?
6
Suppose -138 - 172 = 5*t. Let m = t + 94. What is the tens digit of m?
3
Let m = 17 + -9. What is the units digit of m?
8
What is the units digit of (-30 + 0)*(-22)/55?
2
Let j = -18 + 28. Suppose -4 = -m + 4. Let y = j - m. What is the units digit of y?
2
What is the units digit of ((-125)/15)/(3/(-9))?
5
Let i be (10/(-6))/(2/(-6)). Let x = -1 + i. What is the units digit of x?
4
Suppose 2*f + 2 = -2*h, -4*f - 15 - 3 = -3*h. Let l = -2 + h. Suppose x = 6 - l. What is the units digit of x?
6
Suppose 5*i - 109 = v, 0 = -4*i + 3*v + 32 + 53. What is the tens digit of i?
2
Let x(b) = -7*b**2 - 2*b. Let d(o) = 3*o**2 + o. Let t(w) = -7*d(w) - 4*x(w). What is the units digit of t(-1)?
6
What is the units digit of (-12 - -3)*(-5 + 1*-2)?
3
Suppose 5*d - 3*p = 108, -90 = -4*d - 5*p + 26. Suppose d = t + t. What is the tens di